995?
False
Is 221 a factor of 6626868?
False
Does 13 divide 78863226?
True
Does 23 divide 39149842?
False
Is 219 a factor of 5521993661?
False
Is 941 a factor of 894067625?
True
Is 277989166 a multiple of 1781?
True
Does 397 divide 7767702?
True
Is 16 a factor of 36526087?
False
Is 47258591 a multiple of 43?
True
Is 2746096318 a multiple of 4637?
True
Is 19 a factor of 26135621?
True
Does 2 divide 36933738?
True
Is 356 a factor of 318887744?
False
Is 9 a factor of 45275219?
False
Is 14 a factor of 390058830?
True
Is 125511387 a multiple of 60?
False
Is 358 a factor of 286914804?
True
Is 430 a factor of 31559850?
True
Is 1446 a factor of 683958?
True
Is 182536211 a multiple of 192?
False
Is 45387600 a multiple of 845?
False
Is 651533976 a multiple of 34?
True
Is 68227666 a multiple of 2081?
True
Is 17 a factor of 4342157?
True
Does 147 divide 5574033?
False
Is 2874464 a multiple of 86?
True
Is 24 a factor of 6501967608?
True
Is 4569273 a multiple of 66?
False
Is 590 a factor of 127732640?
True
Does 23 divide 69851763?
False
Is 59446441 a multiple of 2194?
False
Does 20 divide 150913533?
False
Is 31 a factor of 902585863?
True
Is 2423150416 a multiple of 4568?
True
Is 6 a factor of 17490654?
True
Is 2142868144 a multiple of 1231?
False
Does 3536 divide 235306656?
True
Does 521 divide 859369187?
False
Is 10590554 a multiple of 169?
True
Is 97 a factor of 99137558?
False
Is 369 a factor of 2466581238?
True
Does 155 divide 12391630?
True
Does 406 divide 71267683?
False
Does 684 divide 85943916?
True
Is 54 a factor of 446629857?
False
Is 23 a factor of 35234436?
True
Is 295008441 a multiple of 53?
True
Is 40 a factor of 6557000?
True
Is 15 a factor of 526705969?
False
Is 3257891266 a multiple of 14?
True
Is 179388215 a multiple of 5?
True
Is 3086 a factor of 23818595?
False
Is 92 a factor of 429544136?
True
Does 4 divide 83762404?
True
Is 2451 a factor of 63365703?
True
Does 102 divide 70112890?
False
Is 1097 a factor of 32349384?
False
Is 1404 a factor of 21521631?
False
Is 238694436 a multiple of 12?
True
Is 6 a factor of 15280572?
True
Is 33568090 a multiple of 355?
True
Is 2 a factor of 1303178?
True
Is 131026742 a multiple of 154?
True
Does 130 divide 830624470?
True
Does 226 divide 1152314110?
True
Is 15 a factor of 411729525?
True
Is 112 a factor of 160301052?
False
Does 17 divide 2378269?
False
Does 152 divide 933220828?
False
Does 36 divide 366917652?
True
Is 118 a factor of 63395561?
False
Does 62 divide 269734275?
False
Does 44 divide 193433196?
True
Is 17 a factor of 49163131?
False
Does 6 divide 168245085?
False
Is 372734744 a multiple of 148?
True
Is 8 a factor of 9679424?
True
Is 731 a factor of 3042550?
False
Is 3 a factor of 28625778?
True
Is 16 a factor of 72300898?
False
Does 27 divide 23357025?
True
Does 20 divide 6782280?
True
Is 28 a factor of 266447300?
True
Is 14938500 a multiple of 20?
True
Does 616 divide 1497269969?
False
Is 45021830 a multiple of 19?
True
Is 247 a factor of 617737504?
False
Does 317 divide 620476146?
True
Is 62 a factor of 1053938?
True
Is 103794960 a multiple of 225?
False
Is 21677400 a multiple of 1004?
False
Is 63013864 a multiple of 48?
False
Is 131697843 a multiple of 12?
False
Is 155897480 a multiple of 1762?
False
Is 48694775 a multiple of 2977?
False
Does 1934 divide 31238538?
False
Is 98644811 a multiple of 137?
False
Is 45 a factor of 414069300?
True
Is 1223958598 a multiple of 1503?
False
Does 87 divide 6543183?
True
Is 13230126 a multiple of 819?
True
Is 41433281 a multiple of 60?
False
Is 782599076 a multiple of 751?
True
Is 354595477 a multiple of 11?
False
Is 94 a factor of 64225251?
False
Is 2712995856 a multiple of 14?
False
Is 16 a factor of 172462172?
False
Is 184482108 a multiple of 58?
True
Is 3 a factor of 158920118?
False
Is 194994144 a multiple of 2784?
True
Is 534201800 a multiple of 11856?
False
Is 193 a factor of 963200150?
False
Is 22 a factor of 519906178?
True
Is 5 a factor of 11039833?
False
Is 27 a factor of 322803733?
False
Does 15 divide 7694202?
False
Is 198 a factor of 719360928?
True
Does 80 divide 130307520?
True
Is 306 a factor of 591969528?
False
Is 850 a factor of 356755824?
False
Does 139 divide 476041738?
False
Is 141924489 a multiple of 61?
False
Is 220925872 a multiple of 439?
True
Is 266729680 a multiple of 3?
False
Is 28 a factor of 171413508?
True
Is 365584670 a multiple of 6?
False
Is 375250286 a multiple of 41?
True
Does 279 divide 267354261?
True
Is 13 a factor of 101620018?
False
Is 13 a factor of 745631683?
False
Does 1794 divide 61534200?
True
Is 19 a factor of 8824341?
True
Does 3474 divide 133550982?
True
Is 7 a factor of 23329124?
True
Does 26 divide 1034805780?
False
Does 41 divide 36912670?
False
Does 17 divide 6590626980?
True
Does 15 divide 612304020?
True
Is 302281264 a multiple of 8?
True
Does 18 divide 113242068?
True
Is 10 a factor of 9652598?
False
Does 11 divide 3115605449?
True
Is 165069884 a multiple of 14?
True
Is 75217842 a multiple of 686?
True
Is 395235834 a multiple of 57?
True
Does 14 divide 280135730?
True
Is 104 a factor of 4154696?
True
Is 24214572 a multiple of 36?
True
Is 3258 a factor of 368531928?
True
Is 1220042027 a multiple of 10?
False
Is 4 a factor of 11705893?
False
Is 82223320 a multiple of 161?
False
Is 6534 a factor of 1249899292?
False
Does 1204 divide 4056190?
False
Is 241551760 a multiple of 15?
False
Does 15 divide 20664850?
False
Does 27 divide 5249961?
True
Does 85 divide 6605435?
True
Does 230 divide 215232850?
True
Is 59 a factor of 157156246?
False
Is 204282825 a multiple of 150?
False
Is 31223056 a multiple of 8?
True
Does 1557 divide 243254333?
False
Is 59069598 a multiple of 1986?
True
Is 47 a factor of 599468879?
True
Does 2319 divide 546534229?
False
Is 287322904 a multiple of 1540?
False
Is 432 a factor of 780182130?
False
Is 33926972 a multiple of 90?
False
Does 654 divide 106621535?
False
Is 5162338933 a multiple of 11?
False
Is 333249466 a multiple of 820?
False
Is 1624112910 a multiple of 630?
True
Does 6894 divide 3971033622?
True
Does 12 divide 320525376?
True
Does 377 divide 143037193?
True
Does 671 divide 4652421843?
False
Does 128 divide 4272485?
False
Is 1003361450 a multiple of 8450?
True
Is 2373282 a multiple of 12?
False
Is 15627234 a multiple of 133?
True
Does 50 divide 1159525?
False
Does 17 divide 33989146?
False
Is 78 a factor of 628290?
True
Is 257 a factor of 46448638?
True
Is 55479215 a multiple of 181?
True
Is 1298666 a multiple of 2?
True
Does 208 divide 70425680?
True
Does 250 divide 9739750?
True
Is 25 a factor of 211229?
False
Does 8588 divide 1374308391?
False
Is 9138 a factor of 741119214?
True
Is 16406297 a multiple of 1340?
False
Is 1496374887 a multiple of 21?
True
Is 137500084 a multiple of 14?
False
Is 901607846 a multiple of 26?
False
Is 276489785 a multiple of 2795?
True
Is 291 a factor of 58171936?
False
Does 69 divide 42877011?
False
Does 5410 divide 2174403430?
True
Is 44 a factor of 166282817?
False
Is 611790547 a multiple of 2402?
False
Is 90033075 a multiple of 3273?
False
Is 144107910 a multiple of 40?
False
Does 494 divide 9865180?
True
Is 137 a factor of 521644482?
False
Is 10558795 a multiple of 5?
True
Is 995882525 a multiple of 11?
True
Does 116 divide 1277136345?
False
Is 682 a factor of 256224001?
False
Is 306734772 even?
True
Does 37 divide 90587359?
True
Is 107 a factor of 1730165958?
False
Is 19 a factor of 251996872?
False
Is 1902 a factor of 37283004?
True
Is 17 a factor of 178027026?
True
Is 10125540 a multiple of 612?
True
Does 23 divide 9506310?
False
Is 3568878304 a multiple of 24?
False
Does 7 divide 555285668?
True
Is 89874296 a multiple of 7?
False
Is 62424912 a multiple of 247?
False
Is 134 a factor of 119310250?
True
Is 356364198 a multiple of 4517?
True
Is 21 a factor of 1480914321?
False
Is 456048158 a multiple of 278?
True
Is 3426019 a multiple of 11?
False
Is 1000708205 a multiple of 518?
False
Does 422 divide 75147228?
True
Does 7 divide 727373577?
True
Is 264557134 a multiple of 567?
False
Is 298590547 a multiple of 85?
False
Is 306908955 a multiple of 100?
False
Is 11485244 a multiple of 14?
False
Is 208193081 a multiple of 485?
False
Is 233850 a multiple of 51?
False
Is 215476849 a multiple of 35?
False
Does 25 divide 63465700?